rime factors of f.
2, 5, 29
Let c(w) = w**2 + 24. Let m be c(0). Suppose -m = -8*a + 10*a. List the prime factors of (-2)/a + (-1254)/(-36).
5, 7
Suppose -p - 3 = -24. Suppose p - 119 = -7*x. List the prime factors of x.
2, 7
Let a = 361 - -48. List the prime factors of a.
409
Let b(r) = 12*r - 3. Suppose -18*z + 14*z = -8. What are the prime factors of b(z)?
3, 7
Suppose -4*y = -2*y - 3*z - 532, 3*y - 2*z - 808 = 0. What are the prime factors of y?
2, 17
Suppose 5*c - 6450 = 5*s, 3*c = -2*s - 2*s - 5125. What are the prime factors of s/(-10) - (-15)/10?
2, 5, 13
Let b(o) = -72*o**3 + o**2 - o - 1. Suppose 0 = -4*n + 6 - 10. What are the prime factors of b(n)?
73
Let l = -28 - -1657. List the prime factors of l.
3, 181
Suppose 6*d - 17227 = -17*d. What are the prime factors of d?
7, 107
Suppose -15*j = -261 + 156. List the prime factors of j.
7
List the prime factors of (-9)/(1 - 348/56 - -5).
2, 3, 7
Suppose 14*a + 4*a = 18036. What are the prime factors of a?
2, 3, 167
Suppose -3*u - 2*u + 8*a = -6568, 0 = 2*u + 4*a - 2656. What are the prime factors of u?
2, 3, 5, 11
Suppose 12*t - 111 = 11*t. Let k = t + -95. What are the prime factors of k?
2
Let f = 5 + 0. List the prime factors of (-4)/f + 520/25.
2, 5
Let r = 174 + -107. Let h = r + -16. What are the prime factors of h?
3, 17
Suppose 3*g - 8*y - 203 = -4*y, -5*g + 327 = -y. What are the prime factors of g?
5, 13
Suppose 0*o + 4*o = -8. Let f be (8 + -8)*(-2)/o. Suppose f*w + 65 = 3*w - 2*c, 3*w = 3*c + 69. What are the prime factors of w?
19
Suppose 0 = 5*z - 20, -2*r = r + z - 7. Let t = -4 - r. List the prime factors of 1/t - (-112)/35.
3
Let j(n) = 307*n + 222. What are the prime factors of j(5)?
7, 251
Suppose 0 = 4*w - 49 + 9. Let d be ((-9)/(-6))/(1/2). Suppose -a + 15 = 2*y, -d*y - w = -5*a - 0*a. List the prime factors of y.
5
Suppose g - 32 = 3*w, 2 = -g + 1. Let x = 27 - w. Let s = -6 + x. What are the prime factors of s?
2
Suppose -5 + 17 = -4*p, 0 = -l - 3*p + 2575. List the prime factors of l.
2, 17, 19
Let n(f) = 55*f**2 - f + 24. List the prime factors of n(3).
2, 3, 43
Let b be (0/(-2) - 0) + 340/20. Suppose -p = -93 - b. What are the prime factors of p?
2, 5, 11
Suppose -20*a + 58 = -19*a. What are the prime factors of a?
2, 29
Let y(z) = -z**3 + 10*z**2 + 2*z - 17. Suppose 0 = 87*v - 82*v - 50. What are the prime factors of y(v)?
3
Suppose 4*h - 4*l = 3028, 3*h + l + 4*l - 2311 = 0. List the prime factors of h.
2, 3, 127
Let q be (-3 + 20/6)*0/6. Let h(i) = -i**2 + i + 15. What are the prime factors of h(q)?
3, 5
Let c(u) = -19*u - 1. Suppose 5*n = -2*h - 0*h - 32, -h = -5*n - 44. Let p = n - -7. List the prime factors of c(p).
2, 3
Let a(y) = 17*y + 10. Let p(g) = g + 1. Let b(t) = -a(t) + 4*p(t). What are the prime factors of b(-3)?
3, 11
Let a(d) = -d**3 - 5*d**2 + 3. Let r be a(2). List the prime factors of r/10*(-36)/5.
2, 3
Let m(h) = -6*h - 4*h**2 - h**2 + 4*h**2 + 4*h**2 - 6 + h**3. Let z be m(-4). Suppose -2*r + 112 = z*r. What are the prime factors of r?
2, 7
Let w be (-2)/6 + 215/15. Let r = 19 - w. Suppose -16 - 16 = -4*j + p, 2*p + 37 = r*j. What are the prime factors of j?
3
Let x = -15 + 19. Suppose -j + 69 = -x*a, -2*j - 2*a = -4*a - 168. List the prime factors of j.
89
Let s(u) = -4 + 5*u - 4*u + 1. Let m be s(0). What are the prime factors of 8/3 - 1/m?
3
Let q = -12 + 26. Suppose 4*z + q = 6*z. Suppose 2*h - 2*i - 61 = -z*i, -3*h + 88 = 4*i. What are the prime factors of h?
2, 7
Suppose 0 = 3*v + 3, -2*v - 122 = -5*k - 0*k. Suppose -k = -3*o + 6*o. Let x = o + 50. What are the prime factors of x?
2, 3, 7
Let h be (-10)/8*12/(-3). Suppose 0 = -h*a - 4*s + 100 - 20, -4*a - 2*s + 58 = 0. List the prime factors of (-494)/(-10) - a/30.
7
Let o(a) = a**3 - 12*a**2 - 7*a - 6. Let y be ((-13)/(-2))/(2/4). List the prime factors of o(y).
2, 3
Let a = -8 + -21. Let s be (-111)/(-2) - (-2)/(-4). Let c = s + a. What are the prime factors of c?
2, 13
Suppose -15*i + 9646 = 1441. What are the prime factors of i?
547
Let v = 41 + 39. Let x = -51 + v. List the prime factors of x.
29
Suppose 24*m = 79*m - 68310. What are the prime factors of m?
2, 3, 23
Suppose 195*o = 192*o + 3600. Suppose 0 = -4*l + o - 252. List the prime factors of l.
3, 79
Let s(n) = 4*n + 0*n + 77 + 5*n - 74. What are the prime factors of s(7)?
2, 3, 11
Suppose 36604 = 19*r + 7002. List the prime factors of r.
2, 19, 41
Suppose -3*b - 3*b = -12. Suppose -4*t + b*s = 16, 3*t = -5*s - 21 - 4. List the prime factors of 458/8 - t/(-20).
3, 19
Let x(g) = -3*g - 3. Let b be x(-2). Suppose 3*c + m = -2*m + 3, b*c - 3*m = 21. Suppose -c*p + 5*p - 30 = 0. List the prime factors of p.
2, 3, 5
Let d(t) = -22*t + 53 + 23*t - 3*t**2 + 5*t**2 - 3*t**2. List the prime factors of d(0).
53
Suppose -293 = -f - 3*m, -5*m = -0*f + 4*f - 1172. List the prime factors of f.
293
Let z be (-45)/30 - 1/2. What are the prime factors of (-1)/z - -13*52/8?
5, 17
Let v(t) = -t + 5. Let y be v(-6). Let s = y - 4. Suppose -s*o = -3*o - 8. What are the prime factors of o?
2
Let b = 89 - -18. List the prime factors of b.
107
Suppose -587*y = -613*y + 80314. What are the prime factors of y?
3089
Let h = -843 + 1465. List the prime factors of h.
2, 311
Let b(g) = 13*g**2 + 12*g - 74. What are the prime factors of b(-11)?
1367
Let z = 3 - 5. Let s(b) = -b**2 - 11*b - 3. Let u(h) = -h**2 - 11*h - 3. Let i(x) = z*u(x) + 3*s(x). What are the prime factors of i(-9)?
3, 5
Suppose 2*z - 213 = -c - 4*c, -567 = -5*z - c. Suppose 5*r - 527 = u, -4*r = 5*u - 553 + z. What are the prime factors of r?
2, 53
Let v(d) = 114*d**3 - 3*d**2 + d + 1. Let w = -18 - -19. List the prime factors of v(w).
113
Let q be 38 - (-3 + (-8)/(-4) + 1). Let r = q - -26. List the prime factors of r.
2
Let f = 41 - 38. Suppose -5*k + j = -0*k - 360, 0 = -f*k + 3*j + 228. List the prime factors of k.
71
Suppose 0 = f - u - 1021, -5*f - 6*u + 3*u = -5113. What are the prime factors of f?
2, 7, 73
Suppose -3 = -2*h + 1. Suppose -h*b - 5*c - 102 - 32 = 0, c - 67 = b. Let y = -2 - b. List the prime factors of y.
5, 13
Let d(b) = -3*b - 17. Let i(f) = f + 6. Let h(v) = -4*d(v) - 11*i(v). Let s be h(3). Suppose 0 = -4*o + 2*g + 116, s*g + 18 = -2. List the prime factors of o.
3
Suppose -22*h + 18*h - 280 = 0. Let x = -67 - h. List the prime factors of x.
3
Suppose -9*n = -1966 - 2426. What are the prime factors of n?
2, 61
Let v(z) = 0*z**3 + 10*z + z**3 + 6 - 18*z**2 + 0*z. Let u be v(18). Let p = u + -132. List the prime factors of p.
2, 3
Let g(i) = -23*i + 45. List the prime factors of g(-36).
3, 97
List the prime factors of (2 - 2) + 902 + (-21)/7.
29, 31
Suppose 4627 = 21*k - 2114. List the prime factors of k.
3, 107
Suppose -3*b - 19 = -h, -1 = 3*b - 4*h + 12. Let q(f) = f + 9 + 8 - 12*f**2 - f**3 + 5*f**2. What are the prime factors of q(b)?
2, 5
Suppose -3*y - 5 = 4*v + 6, -2*v = 10. Let x(t) = -7*t - 11. Let b be x(-2). Suppose b*u = -h + 37, 0 = 2*u - 3*h - y - 18. What are the prime factors of u?
2, 3
Suppose 3*j - 1815 = 2*n, 9*j - n = 5*j + 2415. List the prime factors of j.
3, 67
Suppose 2*m = 5*p + m - 1101, 0 = 3*p + 2*m - 658. Let d = -55 + p. List the prime factors of d.
3, 5, 11
Let f(n) = -7. Let b(c) = -3. Let k(j) = -5*b(j) + 2*f(j). Let d(h) = -2*h + 13. Let q(m) = -d(m) + 2*k(m). What are the prime factors of q(7)?
3
Let w(t) = t**3 - 10*t**2 + 10*t - 7. Let u = 3 - -6. Let a be w(u). What are the prime factors of (-3)/(-6) - (-65)/a?
3, 11
Suppose -4*m - 4*z = 16, 11 + 7 = 3*m - 3*z. Let q be 1/(m/(-2)*-1). Suppose -q*g + 65 = -25. What are the prime factors of g?
3, 5
Let j be (-8)/(-60) + (-129)/(-45). Suppose -3*n = -8*n + 5*i + 10, -j*n + 2*i = -2. List the prime factors of n/(-8) + 222/8.
2, 7
Let b = -636 + 1005. What are the prime factors of b?
3, 41
Let u = 545 + 59. What are the prime factors of u?
2, 151
Suppose 5 = 4*q - 3*q. Suppose 3*y - 25 = q*a - 247, -5*y + 64 = 2*a. List the prime factors of a.
2, 3, 7
Let c(d) = d**3 + 57*d**2 - 75*d - 120. List the prime factors of c(-57).
3, 5, 277
Let p = 2 + -12. Let y(a) = 2. Let i(t) = -t. Let s(c) = i(c) - y(c). List the prime factors of s(p).
2
Suppose -501 + 24 = -4*j - 5*z, 5*j + 2*z - 592 = 0. Suppose -j = -7*x + 9*x. What are the prime factors of 2*1 - (x - -12)?
7
What are th